{"id":187,"date":"2011-06-10T15:00:39","date_gmt":"2011-06-10T15:00:39","guid":{"rendered":"http:\/\/warendorf.laborumgebung.de\/?page_id=187"},"modified":"2023-05-24T15:29:49","modified_gmt":"2023-05-24T14:29:49","slug":"planung","status":"publish","type":"page","link":"https:\/\/www.wagner-kuechenstudio.de\/?page_id=187","title":{"rendered":"Planung"},"content":{"rendered":"<p>Wir entwickeln Ihr pers\u00f6nliches K\u00fcchenkonzept \u2013 unter Vorgabe der Zielsetzungen, verbunden mit unserem Planungs-Know-How. Das pr\u00e4sentieren wir Ihnen anhand von fotorealen 3D-Skizzen, die die K\u00fcche aus verschiedenen Blickwinkeln zeigen. Gemeinsam besprechen wir den Entwurf, stellen Module und ihre Bef\u00fcllungsm\u00f6glchkeiten vor. Auf Wunsch passen wir Details an und treffen uns mit Ihnen zu einem erneuten Beratungstermin, bei dem wir alles final abstimmen.<\/p>\n<p>Es folgt die konkrete Angebotsvorlage mit Festpreisgarantie und die K\u00fcchenmontage.<\/p>\n<p>Wir stehen f\u00fcr Sie im Kontakt mit dem Werk, koordinieren den Liefertermin mit dem Montageteam und bei Bedarf mit weiteren Handwerkern.<\/p>\n","protected":false},"excerpt":{"rendered":"<p>Wir entwickeln Ihr pers\u00f6nliches K\u00fcchenkonzept \u2013 unter Vorgabe der Zielsetzungen, verbunden mit unserem Planungs-Know-How. Das pr\u00e4sentieren wir Ihnen anhand von fotorealen 3D-Skizzen, die die K\u00fcche aus verschiedenen Blickwinkeln zeigen. Gemeinsam besprechen wir den Entwurf, stellen Module und ihre Bef\u00fcllungsm\u00f6glchkeiten vor. Auf Wunsch passen wir Details an und treffen uns mit Ihnen zu einem erneuten Beratungstermin, [&hellip;]<\/p>\n","protected":false},"author":1,"featured_media":2676,"parent":10,"menu_order":0,"comment_status":"open","ping_status":"open","template":"","meta":{"footnotes":""},"class_list":["post-187","page","type-page","status-publish","has-post-thumbnail","hentry"],"_links":{"self":[{"href":"https:\/\/www.wagner-kuechenstudio.de\/index.php?rest_route=\/wp\/v2\/pages\/187","targetHints":{"allow":["GET"]}}],"collection":[{"href":"https:\/\/www.wagner-kuechenstudio.de\/index.php?rest_route=\/wp\/v2\/pages"}],"about":[{"href":"https:\/\/www.wagner-kuechenstudio.de\/index.php?rest_route=\/wp\/v2\/types\/page"}],"author":[{"embeddable":true,"href":"https:\/\/www.wagner-kuechenstudio.de\/index.php?rest_route=\/wp\/v2\/users\/1"}],"replies":[{"embeddable":true,"href":"https:\/\/www.wagner-kuechenstudio.de\/index.php?rest_route=%2Fwp%2Fv2%2Fcomments&post=187"}],"version-history":[{"count":1,"href":"https:\/\/www.wagner-kuechenstudio.de\/index.php?rest_route=\/wp\/v2\/pages\/187\/revisions"}],"predecessor-version":[{"id":4365,"href":"https:\/\/www.wagner-kuechenstudio.de\/index.php?rest_route=\/wp\/v2\/pages\/187\/revisions\/4365"}],"up":[{"embeddable":true,"href":"https:\/\/www.wagner-kuechenstudio.de\/index.php?rest_route=\/wp\/v2\/pages\/10"}],"wp:featuredmedia":[{"embeddable":true,"href":"https:\/\/www.wagner-kuechenstudio.de\/index.php?rest_route=\/wp\/v2\/media\/2676"}],"wp:attachment":[{"href":"https:\/\/www.wagner-kuechenstudio.de\/index.php?rest_route=%2Fwp%2Fv2%2Fmedia&parent=187"}],"curies":[{"name":"wp","href":"https:\/\/api.w.org\/{rel}","templated":true}]}}

<p>Wir entwickeln Ihr persönliches Küchenkonzept – unter Vorgabe der Zielsetzungen, verbunden mit unserem Planungs-Know-How. Das präsentieren wir Ihnen anhand von fotorealen 3D-Skizzen, die die Küche aus verschiedenen Blickwinkeln zeigen. Gemeinsam besprechen wir den Entwurf, stellen Module und ihre Befüllungsmöglchkeiten vor. Auf Wunsch passen wir Details an und treffen uns mit Ihnen zu einem erneuten Beratungstermin, bei dem wir alles final abstimmen.</p>
<p>Es folgt die konkrete Angebotsvorlage mit Festpreisgarantie und die Küchenmontage.</p>
<p>Wir stehen für Sie im Kontakt mit dem Werk, koordinieren den Liefertermin mit dem Montageteam und bei Bedarf mit weiteren Handwerkern.</p>

<p>Wir entwickeln Ihr persönliches Küchenkonzept – unter Vorgabe der Zielsetzungen, verbunden mit unserem Planungs-Know-How. Das präsentieren wir Ihnen anhand von fotorealen 3D-Skizzen, die die Küche aus verschiedenen Blickwinkeln zeigen. Gemeinsam besprechen wir den Entwurf, stellen Module und ihre Befüllungsmöglchkeiten vor. Auf Wunsch passen wir Details an und treffen uns mit Ihnen zu einem erneuten Beratungstermin, [&hellip;]</p>
