{"id":202,"date":"2011-06-10T12:00:00","date_gmt":"2011-06-10T12:00:00","guid":{"rendered":"http:\/\/warendorf.laborumgebung.de\/?page_id=202"},"modified":"2023-05-24T15:29:05","modified_gmt":"2023-05-24T14:29:05","slug":"kundenservice","status":"publish","type":"page","link":"https:\/\/www.wagner-kuechenstudio.de\/?page_id=202","title":{"rendered":"Kundenservice"},"content":{"rendered":"<p>Wir nehmen K\u00fcchen und Kunden ganz pers\u00f6nlich, denn wir wissen, dass es beim Thema K\u00fcche um sehr viel mehr als Beratung, Planung und Montage geht. Gerne \u00fcbernehmen wir daher f\u00fcr Sie weitere Einzelleistungen bis zu hin zu Ihrem &gt;&gt;Rundum-Sorglos-Paket&lt;&lt;. Auf Wunsch bieten wir Ihnen in Kooperation mit unseren Partnern:<\/p>\n<ul>\n<li>die Demontage und die Entsorgung Ihrer alten K\u00fcche<\/li>\n<li>die Erstellung und die Ausf\u00fchrung von Installationspl\u00e4nen f\u00fcr Ihre neue K\u00fcche<\/li>\n<li>die Umfeldberatung zur Gestaltung von Fu\u00dfb\u00f6den, W\u00e4nden, Vorh\u00e4ngen, Licht, Tischen, St\u00fchlen und Accessoires<\/li>\n<li>die komplette Koordination aller Handwerker<\/li>\n<li>die Einf\u00fchrung in die Bedienung Ihrer Ger\u00e4te<\/li>\n<li>den Austausch von Haushaltsger\u00e4ten<\/li>\n<li>die Modernisierung Ihrer bestehenden K\u00fcche<\/li>\n<\/ul>\n<p>&nbsp;<\/p>\n","protected":false},"excerpt":{"rendered":"<p>Wir nehmen K\u00fcchen und Kunden ganz pers\u00f6nlich, denn wir wissen, dass es beim Thema K\u00fcche um sehr viel mehr als Beratung, Planung und Montage geht. Gerne \u00fcbernehmen wir daher f\u00fcr Sie weitere Einzelleistungen bis zu hin zu Ihrem &gt;&gt;Rundum-Sorglos-Paket&lt;&lt;. Auf Wunsch bieten wir Ihnen in Kooperation mit unseren Partnern: die Demontage und die Entsorgung Ihrer [&hellip;]<\/p>\n","protected":false},"author":1,"featured_media":3756,"parent":10,"menu_order":0,"comment_status":"open","ping_status":"open","template":"","meta":{"footnotes":""},"class_list":["post-202","page","type-page","status-publish","has-post-thumbnail","hentry"],"_links":{"self":[{"href":"https:\/\/www.wagner-kuechenstudio.de\/index.php?rest_route=\/wp\/v2\/pages\/202","targetHints":{"allow":["GET"]}}],"collection":[{"href":"https:\/\/www.wagner-kuechenstudio.de\/index.php?rest_route=\/wp\/v2\/pages"}],"about":[{"href":"https:\/\/www.wagner-kuechenstudio.de\/index.php?rest_route=\/wp\/v2\/types\/page"}],"author":[{"embeddable":true,"href":"https:\/\/www.wagner-kuechenstudio.de\/index.php?rest_route=\/wp\/v2\/users\/1"}],"replies":[{"embeddable":true,"href":"https:\/\/www.wagner-kuechenstudio.de\/index.php?rest_route=%2Fwp%2Fv2%2Fcomments&post=202"}],"version-history":[{"count":9,"href":"https:\/\/www.wagner-kuechenstudio.de\/index.php?rest_route=\/wp\/v2\/pages\/202\/revisions"}],"predecessor-version":[{"id":4364,"href":"https:\/\/www.wagner-kuechenstudio.de\/index.php?rest_route=\/wp\/v2\/pages\/202\/revisions\/4364"}],"up":[{"embeddable":true,"href":"https:\/\/www.wagner-kuechenstudio.de\/index.php?rest_route=\/wp\/v2\/pages\/10"}],"wp:featuredmedia":[{"embeddable":true,"href":"https:\/\/www.wagner-kuechenstudio.de\/index.php?rest_route=\/wp\/v2\/media\/3756"}],"wp:attachment":[{"href":"https:\/\/www.wagner-kuechenstudio.de\/index.php?rest_route=%2Fwp%2Fv2%2Fmedia&parent=202"}],"curies":[{"name":"wp","href":"https:\/\/api.w.org\/{rel}","templated":true}]}}