{"id":3642,"date":"2012-05-05T15:21:04","date_gmt":"2012-05-05T14:21:04","guid":{"rendered":"http:\/\/www.miele-wagner.de\/?page_id=3642"},"modified":"2023-06-20T09:52:47","modified_gmt":"2023-06-20T08:52:47","slug":"miele-haushaltsgerate","status":"publish","type":"page","link":"https:\/\/www.wagner-kuechenstudio.de\/?page_id=3642","title":{"rendered":"Miele &#8211; Haushaltsger\u00e4te"},"content":{"rendered":"\n<p>Als autorisierter Miele Fachhandelspartner beraten wir Sie in allen Fragen zu Miele Haushaltsger\u00e4ten.<\/p>\n\n\n\n<p>Bei uns finden Sie vom Staubsauger \u00fcber die Waschmaschine bis zum W\u00e4schetrockner die ausgezeichneten Ger\u00e4te von Miele.Das Unternehmen Miele steht f\u00fcr un\u00fcbertroffene Qualit\u00e4t und Zuverl\u00e4ssigkeit, f\u00fcr Innovation und intelligente Technik. Das kommt nicht von ungef\u00e4hr. Jahrzehntelange Erfahrung und das Streben nach immer besseren L\u00f6sungen hat Miele zu einem der globalen Technologief\u00fchrer bei Haushaltsger\u00e4ten gemacht. Erleben Sie die Miele Ger\u00e4te, besuchen Sie uns.<\/p>\n\n\n\n<p><strong>Staubsauger<\/strong><\/p>\n\n\n\n<figure class=\"wp-block-image\"><a href=\"https:\/\/www.wagner-kuechenstudio.de\/wp-content\/uploads\/2020\/08\/2020-013_02-e1598003657323.jpg\"><img loading=\"lazy\" decoding=\"async\" width=\"300\" height=\"220\" src=\"https:\/\/www.wagner-kuechenstudio.de\/wp-content\/uploads\/2020\/08\/2020-013_02-e1598003657323-300x220.jpg\" alt=\"\" class=\"wp-image-4200\" srcset=\"https:\/\/www.wagner-kuechenstudio.de\/wp-content\/uploads\/2020\/08\/2020-013_02-e1598003657323-300x220.jpg 300w, https:\/\/www.wagner-kuechenstudio.de\/wp-content\/uploads\/2020\/08\/2020-013_02-e1598003657323-768x564.jpg 768w, https:\/\/www.wagner-kuechenstudio.de\/wp-content\/uploads\/2020\/08\/2020-013_02-e1598003657323-1024x752.jpg 1024w\" sizes=\"auto, (max-width: 300px) 100vw, 300px\" \/><\/a><\/figure>\n\n\n\n<p>Die Miele Staubsauger bieten Ihnen \u00fcberlegene Reinigungsleistung, erstklassigen Hygienestandard und h\u00f6chsten Bedienkomfort.<\/p>\n\n\n\n<p><strong>W\u00e4schepflege<\/strong><\/p>\n\n\n\n<p><a href=\"https:\/\/www.wagner-kuechenstudio.de\/wp-content\/uploads\/2020\/08\/2019-076_02-e1598003382482.jpg\"><img loading=\"lazy\" decoding=\"async\" class=\"alignnone wp-image-4198\" src=\"https:\/\/www.wagner-kuechenstudio.de\/wp-content\/uploads\/2020\/08\/2019-076_02-e1598003382482-300x205.jpg\" alt=\"\" width=\"477\" height=\"326\" srcset=\"https:\/\/www.wagner-kuechenstudio.de\/wp-content\/uploads\/2020\/08\/2019-076_02-e1598003382482-300x205.jpg 300w, https:\/\/www.wagner-kuechenstudio.de\/wp-content\/uploads\/2020\/08\/2019-076_02-e1598003382482-768x524.jpg 768w, https:\/\/www.wagner-kuechenstudio.de\/wp-content\/uploads\/2020\/08\/2019-076_02-e1598003382482.jpg 865w\" sizes=\"auto, (max-width: 477px) 100vw, 477px\" \/><\/a><br>Seit \u00fcber hundert Jahren stellt Miele Kompetenz und Innovationskraft im Bereich schonender W\u00e4schepflege unter Beweis. Wesentliche Meilensteine waren die Erfindung der Miele Handwasch-Programme und die revolution\u00e4re Miele Schontrommel. Dass W\u00e4schepflege eine Kunst f\u00fcr sich ist, beweisen die neuen Miele Waschmaschinen und W\u00e4schetrockner. Sie vereinen die bew\u00e4hrte Miele Qualit\u00e4t mit elegantem Design zu dem perfekten W\u00e4schepflegesystem.<\/p>\n\n\n\n<p><strong>Waschmaschinen<\/strong><\/p>\n\n\n\n<figure class=\"wp-block-image size-full is-resized\"><a href=\"https:\/\/www.wagner-kuechenstudio.de\/wp-content\/uploads\/2012\/05\/Miele-Waschmaschine.jpg\"><img loading=\"lazy\" decoding=\"async\" src=\"https:\/\/www.wagner-kuechenstudio.de\/wp-content\/uploads\/2012\/05\/Miele-Waschmaschine.jpg\" alt=\"\" class=\"wp-image-3720\" width=\"494\" height=\"237\" srcset=\"https:\/\/www.wagner-kuechenstudio.de\/wp-content\/uploads\/2012\/05\/Miele-Waschmaschine.jpg 553w, https:\/\/www.wagner-kuechenstudio.de\/wp-content\/uploads\/2012\/05\/Miele-Waschmaschine-300x143.jpg 300w\" sizes=\"auto, (max-width: 494px) 100vw, 494px\" \/><\/a><\/figure>\n\n\n\n<p>Bei Miele ist die optimale Pflege Ihrer W\u00e4sche das h\u00f6chste Ziel. Die patentierte Miele Schontrommel sowie viele intelligente Spezialprogramme erm\u00f6glichen W\u00e4scheschonung auf h\u00f6chstem Niveau. Die Premium Waschmaschinen und W\u00e4schetrockner besitzen dar\u00fcber hinaus ganz besondere Eigenschaften f\u00fcr absoluten Komfort. \u00dcberzeugen Sie sich selbst!<\/p>\n\n\n\n<p><strong>W\u00e4schetrockner<\/strong><\/p>\n\n\n\n<figure class=\"wp-block-image size-full is-resized\"><a href=\"https:\/\/www.wagner-kuechenstudio.de\/wp-content\/uploads\/2012\/05\/Miele-Trockner.jpg\"><img loading=\"lazy\" decoding=\"async\" src=\"https:\/\/www.wagner-kuechenstudio.de\/wp-content\/uploads\/2012\/05\/Miele-Trockner.jpg\" alt=\"\" class=\"wp-image-3718\" width=\"499\" height=\"239\" srcset=\"https:\/\/www.wagner-kuechenstudio.de\/wp-content\/uploads\/2012\/05\/Miele-Trockner.jpg 553w, https:\/\/www.wagner-kuechenstudio.de\/wp-content\/uploads\/2012\/05\/Miele-Trockner-300x143.jpg 300w\" sizes=\"auto, (max-width: 499px) 100vw, 499px\" \/><\/a><\/figure>\n\n\n\n<p>Waschmaschinen und W\u00e4schetrockner von Miele sind harmonisch aufeinander abgestimmt. Zu jeder Waschmaschine gibt es den passenden W\u00e4schetrockner. Die Ger\u00e4te erg\u00e4nzen einander hinsichtlich der Programme und des Designs. Das ist schonende W\u00e4schepflege mit System.<\/p>\n\n\n\n<p><span style=\"font-size: xx-small;\">(Alle Bilder Miele &amp; Cie KG)<\/span><\/p>\n","protected":false},"excerpt":{"rendered":"<p>Als autorisierter Miele Fachhandelspartner beraten wir Sie in allen Fragen zu Miele Haushaltsger\u00e4ten. Bei uns finden Sie vom Staubsauger \u00fcber die Waschmaschine bis zum W\u00e4schetrockner die ausgezeichneten Ger\u00e4te von Miele.Das Unternehmen Miele steht f\u00fcr un\u00fcbertroffene Qualit\u00e4t und Zuverl\u00e4ssigkeit, f\u00fcr Innovation und intelligente Technik. Das kommt nicht von ungef\u00e4hr. Jahrzehntelange Erfahrung und das Streben nach immer [&hellip;]<\/p>\n","protected":false},"author":2,"featured_media":0,"parent":0,"menu_order":0,"comment_status":"open","ping_status":"open","template":"","meta":{"footnotes":""},"class_list":["post-3642","page","type-page","status-publish","hentry"],"_links":{"self":[{"href":"https:\/\/www.wagner-kuechenstudio.de\/index.php?rest_route=\/wp\/v2\/pages\/3642","targetHints":{"allow":["GET"]}}],"collection":[{"href":"https:\/\/www.wagner-kuechenstudio.de\/index.php?rest_route=\/wp\/v2\/pages"}],"about":[{"href":"https:\/\/www.wagner-kuechenstudio.de\/index.php?rest_route=\/wp\/v2\/types\/page"}],"author":[{"embeddable":true,"href":"https:\/\/www.wagner-kuechenstudio.de\/index.php?rest_route=\/wp\/v2\/users\/2"}],"replies":[{"embeddable":true,"href":"https:\/\/www.wagner-kuechenstudio.de\/index.php?rest_route=%2Fwp%2Fv2%2Fcomments&post=3642"}],"version-history":[{"count":27,"href":"https:\/\/www.wagner-kuechenstudio.de\/index.php?rest_route=\/wp\/v2\/pages\/3642\/revisions"}],"predecessor-version":[{"id":4408,"href":"https:\/\/www.wagner-kuechenstudio.de\/index.php?rest_route=\/wp\/v2\/pages\/3642\/revisions\/4408"}],"wp:attachment":[{"href":"https:\/\/www.wagner-kuechenstudio.de\/index.php?rest_route=%2Fwp%2Fv2%2Fmedia&parent=3642"}],"curies":[{"name":"wp","href":"https:\/\/api.w.org\/{rel}","templated":true}]}}