{"id":3975,"date":"2014-05-19T13:20:22","date_gmt":"2014-05-19T12:20:22","guid":{"rendered":"http:\/\/www.miele-wagner.de\/?page_id=3975"},"modified":"2023-06-20T09:48:56","modified_gmt":"2023-06-20T08:48:56","slug":"tische-banke","status":"publish","type":"page","link":"https:\/\/www.wagner-kuechenstudio.de\/?page_id=3975","title":{"rendered":"Tische &#038; B\u00e4nke"},"content":{"rendered":"\n<p>Ohne Tisch und Stuhl ist die K\u00fcche nichts.<\/p>\n\n\n\n<p>Der Tisch ist der Mittelpunkt des Hauses, am Tisch treffen sich Familie, Freunde und G\u00e4ste. F\u00fcr diesen zentralen Wohnbereich bieten wir Ihnen die ansprechenden und aussergew\u00f6hnlichen Kollektionen unserer Partner an.<\/p>\n\n\n\n<p><strong>Girsberger,<\/strong><\/p>\n\n\n\n<p>ist Spezialist f\u00fcr Stuhl und Tisch. Seit \u00fcber 120 Jahren entwickelt und produziert die Firma Girsberger&nbsp;L\u00f6sungen rund um das Thema Tisch und &nbsp;Sitzen.<\/p>\n\n\n\n<figure class=\"wp-block-image size-large is-resized\"><a href=\"https:\/\/www.wagner-kuechenstudio.de\/wp-content\/uploads\/2023\/05\/Joline_Lynn_Henry_L_20161212_4b.jpg\"><img loading=\"lazy\" decoding=\"async\" src=\"https:\/\/www.wagner-kuechenstudio.de\/wp-content\/uploads\/2023\/05\/Joline_Lynn_Henry_L_20161212_4b-1024x683.jpg\" alt=\"\" class=\"wp-image-4389\" width=\"447\" height=\"298\" srcset=\"https:\/\/www.wagner-kuechenstudio.de\/wp-content\/uploads\/2023\/05\/Joline_Lynn_Henry_L_20161212_4b-1024x683.jpg 1024w, https:\/\/www.wagner-kuechenstudio.de\/wp-content\/uploads\/2023\/05\/Joline_Lynn_Henry_L_20161212_4b-300x200.jpg 300w, https:\/\/www.wagner-kuechenstudio.de\/wp-content\/uploads\/2023\/05\/Joline_Lynn_Henry_L_20161212_4b-768x512.jpg 768w, https:\/\/www.wagner-kuechenstudio.de\/wp-content\/uploads\/2023\/05\/Joline_Lynn_Henry_L_20161212_4b-1536x1024.jpg 1536w, https:\/\/www.wagner-kuechenstudio.de\/wp-content\/uploads\/2023\/05\/Joline_Lynn_Henry_L_20161212_4b-2048x1365.jpg 2048w\" sizes=\"auto, (max-width: 447px) 100vw, 447px\" \/><\/a><\/figure>\n\n\n\n<p><a class=\"more\" title=\"href=&quot;http:\/\/www.girsberger.com&quot;\" href=\"http:\/\/www.girsberger.com\" target=\"_blank\" rel=\"noopener\">Girsberger<\/a><\/p>\n\n\n\n<p><strong>KFF<\/strong><\/p>\n\n\n\n<p>KFF M\u00f6bel aus Lemgo stehen f\u00fcr mehr als 25 Jahre eigenst\u00e4ndiges Design, hohe Qualit\u00e4tsanspr\u00fcche an Komfort, Materialien und handwerkliche Fertigung, sowie das Bekenntnis zum Fertigungsstandort Deutschland.<\/p>\n\n\n\n<p>Diese Maxime, im Zusammenspiel mit der Offenheit f\u00fcr Neues, unternehmerischer Flexibilt\u00e4t, einem Gesp\u00fcr f\u00fcr zeitlose Gestaltung, pr\u00e4gen die erfolgreiche Entwicklung, des von Karl Friedrich F\u00f6rster 1984 gegr\u00fcndeten Unternehmens.<\/p>\n\n\n\n<figure class=\"wp-block-image\"><img decoding=\"async\" src=\"https:\/\/kuechen-knauseder.de\/wp2012\/wp-content\/uploads\/2012\/11\/kff-maverick-MA.jpg\" alt=\"\"\/><\/figure>\n\n\n\n<p><a class=\"more\" title=\"href=&quot;http:\/\/www.kff.de&quot;\" href=\"http:\/\/www.kff.de\" target=\"_blank\" rel=\"noopener\">KFF<\/a><\/p>\n","protected":false},"excerpt":{"rendered":"<p>Ohne Tisch und Stuhl ist die K\u00fcche nichts. Der Tisch ist der Mittelpunkt des Hauses, am Tisch treffen sich Familie, Freunde und G\u00e4ste. F\u00fcr diesen zentralen Wohnbereich bieten wir Ihnen die ansprechenden und aussergew\u00f6hnlichen Kollektionen unserer Partner an. Girsberger, ist Spezialist f\u00fcr Stuhl und Tisch. Seit \u00fcber 120 Jahren entwickelt und produziert die Firma Girsberger&nbsp;L\u00f6sungen [&hellip;]<\/p>\n","protected":false},"author":1,"featured_media":3980,"parent":0,"menu_order":0,"comment_status":"open","ping_status":"open","template":"","meta":{"footnotes":""},"class_list":["post-3975","page","type-page","status-publish","has-post-thumbnail","hentry"],"_links":{"self":[{"href":"https:\/\/www.wagner-kuechenstudio.de\/index.php?rest_route=\/wp\/v2\/pages\/3975","targetHints":{"allow":["GET"]}}],"collection":[{"href":"https:\/\/www.wagner-kuechenstudio.de\/index.php?rest_route=\/wp\/v2\/pages"}],"about":[{"href":"https:\/\/www.wagner-kuechenstudio.de\/index.php?rest_route=\/wp\/v2\/types\/page"}],"author":[{"embeddable":true,"href":"https:\/\/www.wagner-kuechenstudio.de\/index.php?rest_route=\/wp\/v2\/users\/1"}],"replies":[{"embeddable":true,"href":"https:\/\/www.wagner-kuechenstudio.de\/index.php?rest_route=%2Fwp%2Fv2%2Fcomments&post=3975"}],"version-history":[{"count":35,"href":"https:\/\/www.wagner-kuechenstudio.de\/index.php?rest_route=\/wp\/v2\/pages\/3975\/revisions"}],"predecessor-version":[{"id":4406,"href":"https:\/\/www.wagner-kuechenstudio.de\/index.php?rest_route=\/wp\/v2\/pages\/3975\/revisions\/4406"}],"wp:featuredmedia":[{"embeddable":true,"href":"https:\/\/www.wagner-kuechenstudio.de\/index.php?rest_route=\/wp\/v2\/media\/3980"}],"wp:attachment":[{"href":"https:\/\/www.wagner-kuechenstudio.de\/index.php?rest_route=%2Fwp%2Fv2%2Fmedia&parent=3975"}],"curies":[{"name":"wp","href":"https:\/\/api.w.org\/{rel}","templated":true}]}}

Tische &#038; Bänke

<p>Ohne Tisch und Stuhl ist die Küche nichts.</p>



<p>Der Tisch ist der Mittelpunkt des Hauses, am Tisch treffen sich Familie, Freunde und Gäste. Für diesen zentralen Wohnbereich bieten wir Ihnen die ansprechenden und aussergewöhnlichen Kollektionen unserer Partner an.</p>



<p><strong>Girsberger,</strong></p>



<p>ist Spezialist für Stuhl und Tisch. Seit über 120 Jahren entwickelt und produziert die Firma Girsberger&nbsp;Lösungen rund um das Thema Tisch und &nbsp;Sitzen.</p>



<figure class="wp-block-image size-large is-resized"><a href="https://www.wagner-kuechenstudio.de/wp-content/uploads/2023/05/Joline_Lynn_Henry_L_20161212_4b.jpg"><img loading="lazy" decoding="async" src="https://www.wagner-kuechenstudio.de/wp-content/uploads/2023/05/Joline_Lynn_Henry_L_20161212_4b-1024x683.jpg" alt="" class="wp-image-4389" width="447" height="298" srcset="https://www.wagner-kuechenstudio.de/wp-content/uploads/2023/05/Joline_Lynn_Henry_L_20161212_4b-1024x683.jpg 1024w, https://www.wagner-kuechenstudio.de/wp-content/uploads/2023/05/Joline_Lynn_Henry_L_20161212_4b-300x200.jpg 300w, https://www.wagner-kuechenstudio.de/wp-content/uploads/2023/05/Joline_Lynn_Henry_L_20161212_4b-768x512.jpg 768w, https://www.wagner-kuechenstudio.de/wp-content/uploads/2023/05/Joline_Lynn_Henry_L_20161212_4b-1536x1024.jpg 1536w, https://www.wagner-kuechenstudio.de/wp-content/uploads/2023/05/Joline_Lynn_Henry_L_20161212_4b-2048x1365.jpg 2048w" sizes="auto, (max-width: 447px) 100vw, 447px" /></a></figure>



<p><a class="more" title="href=&quot;http://www.girsberger.com&quot;" href="http://www.girsberger.com" target="_blank" rel="noopener">Girsberger</a></p>



<p><strong>KFF</strong></p>



<p>KFF Möbel aus Lemgo stehen für mehr als 25 Jahre eigenständiges Design, hohe Qualitätsansprüche an Komfort, Materialien und handwerkliche Fertigung, sowie das Bekenntnis zum Fertigungsstandort Deutschland.</p>



<p>Diese Maxime, im Zusammenspiel mit der Offenheit für Neues, unternehmerischer Flexibiltät, einem Gespür für zeitlose Gestaltung, prägen die erfolgreiche Entwicklung, des von Karl Friedrich Förster 1984 gegründeten Unternehmens.</p>



<figure class="wp-block-image"><img decoding="async" src="https://kuechen-knauseder.de/wp2012/wp-content/uploads/2012/11/kff-maverick-MA.jpg" alt=""/></figure>



<p><a class="more" title="href=&quot;http://www.kff.de&quot;" href="http://www.kff.de" target="_blank" rel="noopener">KFF</a></p>

<p>Ohne Tisch und Stuhl ist die Küche nichts. Der Tisch ist der Mittelpunkt des Hauses, am Tisch treffen sich Familie, Freunde und Gäste. Für diesen zentralen Wohnbereich bieten wir Ihnen die ansprechenden und aussergewöhnlichen Kollektionen unserer Partner an. Girsberger, ist Spezialist für Stuhl und Tisch. Seit über 120 Jahren entwickelt und produziert die Firma Girsberger&nbsp;Lösungen [&hellip;]</p>
