{"id":4305,"date":"2022-11-14T15:07:36","date_gmt":"2022-11-14T14:07:36","guid":{"rendered":"https:\/\/www.wagner-kuechenstudio.de\/?page_id=4305"},"modified":"2025-07-16T13:20:27","modified_gmt":"2025-07-16T12:20:27","slug":"willkommen-bei-wagner-kuechen-hausgeraete-in-ditzingen","status":"publish","type":"page","link":"https:\/\/www.wagner-kuechenstudio.de\/","title":{"rendered":"Willkommen bei WAGNER K\u00dcCHEN UND HAUSGER\u00c4TE in Ditzingen"},"content":{"rendered":"\n<p class=\"has-text-align-center\"><\/p>\n\n\n\n<p class=\"has-text-align-left\">Sie sind anspruchsvoll und wollen bei Ihrem \u201eProjekt K\u00fcche\u201c kein Risiko eingehen? Sie haben ganz konkrete Vorstellungen von Ihrer idealen K\u00fcche und Hausger\u00e4te? Sie haben ein Gef\u00fchl f\u00fcr die Atmosph\u00e4re, die entstehen soll? Wir freuen uns darauf Sie zu beraten und laden Sie herzlich ein, in unserem <strong>neuen K\u00fcchenstudio<\/strong> auf 180m<sup>2<\/sup> die inspirierende Welt der <strong>REMPP K\u00fcchen <\/strong>und Hausger\u00e4te der Marken <strong>MIELE, GAGGENAU, BORA, BERBEL<\/strong> und <strong>SUB ZERO<\/strong> zu erleben.<\/p>\n\n\n\n<p>Auf dem Weg zu Ihrer K\u00fcche w\u00fcrden wir Sie gerne begleiten. Vom Kennenlernen \u00fcber den gemeinsam erarbeiteten K\u00fcchenentwurf bis hin zu Angebot, Terminkoordination und Einbau durch erfahrene K\u00fcchenspezialisten \u2013 k\u00f6nnen Sie sich auf einen reibungslosen und unkomplizierten Ablauf freuen.<\/p>\n\n\n\n<p>Mehr \u00fcber unsere K\u00fcchen- und Ger\u00e4telieferanten erfahren Sie bei uns.<\/p>\n\n\n\n<p>Wir freuen uns auf Ihren Besuch.<\/p>\n\n\n\n<p><\/p>\n\n\n\n<div class=\"wp-block-group\"><div class=\"wp-block-group__inner-container is-layout-constrained wp-block-group-is-layout-constrained\">\n<figure class=\"wp-block-image size-large\"><a href=\"https:\/\/www.wagner-kuechenstudio.de\/wp-content\/uploads\/2021\/03\/DSC_4875-Kopie.jpeg\"><img loading=\"lazy\" decoding=\"async\" width=\"1024\" height=\"830\" src=\"https:\/\/www.wagner-kuechenstudio.de\/wp-content\/uploads\/2021\/03\/DSC_4875-Kopie-1024x830.jpeg\" alt=\"\" class=\"wp-image-4241\" srcset=\"https:\/\/www.wagner-kuechenstudio.de\/wp-content\/uploads\/2021\/03\/DSC_4875-Kopie-1024x830.jpeg 1024w, https:\/\/www.wagner-kuechenstudio.de\/wp-content\/uploads\/2021\/03\/DSC_4875-Kopie-300x243.jpeg 300w, https:\/\/www.wagner-kuechenstudio.de\/wp-content\/uploads\/2021\/03\/DSC_4875-Kopie-768x622.jpeg 768w\" sizes=\"auto, (max-width: 1024px) 100vw, 1024px\" \/><\/a><\/figure>\n\n\n\n<figure class=\"wp-block-image size-large is-resized\"><a href=\"https:\/\/www.wagner-kuechenstudio.de\/wp-content\/uploads\/2024\/06\/IMG_4097-scaled.jpeg\"><img loading=\"lazy\" decoding=\"async\" width=\"768\" height=\"1024\" src=\"https:\/\/www.wagner-kuechenstudio.de\/wp-content\/uploads\/2024\/06\/IMG_4097-768x1024.jpeg\" alt=\"\" class=\"wp-image-4458\" style=\"aspect-ratio:0.7502238137869293;width:1270px;height:auto\" srcset=\"https:\/\/www.wagner-kuechenstudio.de\/wp-content\/uploads\/2024\/06\/IMG_4097-768x1024.jpeg 768w, https:\/\/www.wagner-kuechenstudio.de\/wp-content\/uploads\/2024\/06\/IMG_4097-225x300.jpeg 225w, https:\/\/www.wagner-kuechenstudio.de\/wp-content\/uploads\/2024\/06\/IMG_4097-1152x1536.jpeg 1152w, https:\/\/www.wagner-kuechenstudio.de\/wp-content\/uploads\/2024\/06\/IMG_4097-1536x2048.jpeg 1536w, https:\/\/www.wagner-kuechenstudio.de\/wp-content\/uploads\/2024\/06\/IMG_4097-scaled.jpeg 1920w\" sizes=\"auto, (max-width: 768px) 100vw, 768px\" \/><\/a><\/figure>\n\n\n\n<figure class=\"wp-block-image size-full is-resized\"><a href=\"https:\/\/www.wagner-kuechenstudio.de\/wp-content\/uploads\/2024\/06\/IMG_4095-scaled.jpeg\"><img loading=\"lazy\" decoding=\"async\" width=\"2560\" height=\"1920\" src=\"https:\/\/www.wagner-kuechenstudio.de\/wp-content\/uploads\/2024\/06\/IMG_4095-scaled.jpeg\" alt=\"\" class=\"wp-image-4455\" style=\"width:1267px;height:auto\" srcset=\"https:\/\/www.wagner-kuechenstudio.de\/wp-content\/uploads\/2024\/06\/IMG_4095-scaled.jpeg 2560w, https:\/\/www.wagner-kuechenstudio.de\/wp-content\/uploads\/2024\/06\/IMG_4095-300x225.jpeg 300w\" sizes=\"auto, (max-width: 2560px) 100vw, 2560px\" \/><\/a><\/figure>\n<\/div><\/div>\n\n\n\n<p><\/p>\n\n\n\n<div class=\"wp-block-buttons is-layout-flex wp-block-buttons-is-layout-flex\">\n<div class=\"wp-block-button has-custom-font-size is-style-fill has-small-font-size\"><a class=\"wp-block-button__link has-black-color has-text-color has-background wp-element-button\" href=\"https:\/\/www.wagner-kuechenstudio.de\/?page_id=10\" style=\"border-radius:18px;background:linear-gradient(176deg,rgb(238,238,238) 0%,rgb(169,184,195) 100%)\">Unsere Leistungen, unsere Services<\/a><\/div>\n<\/div>\n\n\n\n<figure class=\"wp-block-gallery has-nested-images columns-default is-cropped wp-block-gallery-1 is-layout-flex wp-block-gallery-is-layout-flex\">\n<figure class=\"wp-block-image size-large is-style-default\"><a href=\"https:\/\/www.wagner-kuechenstudio.de\/wp-content\/uploads\/2020\/04\/Tinos-nero-ingo-Phoenix-rost-patina-3.jpg\"><img loading=\"lazy\" decoding=\"async\" width=\"1024\" height=\"628\" data-id=\"4173\" src=\"https:\/\/www.wagner-kuechenstudio.de\/wp-content\/uploads\/2020\/04\/Tinos-nero-ingo-Phoenix-rost-patina-3-1024x628.jpg\" alt=\"\" class=\"wp-image-4173\" srcset=\"https:\/\/www.wagner-kuechenstudio.de\/wp-content\/uploads\/2020\/04\/Tinos-nero-ingo-Phoenix-rost-patina-3-1024x628.jpg 1024w, https:\/\/www.wagner-kuechenstudio.de\/wp-content\/uploads\/2020\/04\/Tinos-nero-ingo-Phoenix-rost-patina-3-300x184.jpg 300w, https:\/\/www.wagner-kuechenstudio.de\/wp-content\/uploads\/2020\/04\/Tinos-nero-ingo-Phoenix-rost-patina-3-768x471.jpg 768w, https:\/\/www.wagner-kuechenstudio.de\/wp-content\/uploads\/2020\/04\/Tinos-nero-ingo-Phoenix-rost-patina-3.jpg 1600w\" sizes=\"auto, (max-width: 1024px) 100vw, 1024px\" \/><\/a><\/figure>\n\n\n\n<figure class=\"wp-block-image size-large\"><a href=\"https:\/\/www.wagner-kuechenstudio.de\/wp-content\/uploads\/2020\/08\/2019-076_02-e1598003382482.jpg\"><img loading=\"lazy\" decoding=\"async\" width=\"1024\" height=\"835\" data-id=\"4198\" src=\"https:\/\/www.wagner-kuechenstudio.de\/wp-content\/uploads\/2020\/08\/2019-076_02-e1598003234618-1024x835.jpg\" alt=\"\" class=\"wp-image-4198\"\/><\/a><\/figure>\n\n\n\n<figure class=\"wp-block-image size-large\"><a href=\"https:\/\/www.wagner-kuechenstudio.de\/wp-content\/uploads\/2012\/05\/Miele-Staubsauger.jpg\"><img loading=\"lazy\" decoding=\"async\" width=\"553\" height=\"265\" data-id=\"3717\" src=\"https:\/\/www.wagner-kuechenstudio.de\/wp-content\/uploads\/2012\/05\/Miele-Staubsauger.jpg\" alt=\"\" class=\"wp-image-3717\" srcset=\"https:\/\/www.wagner-kuechenstudio.de\/wp-content\/uploads\/2012\/05\/Miele-Staubsauger.jpg 553w, https:\/\/www.wagner-kuechenstudio.de\/wp-content\/uploads\/2012\/05\/Miele-Staubsauger-300x143.jpg 300w\" sizes=\"auto, (max-width: 553px) 100vw, 553px\" \/><\/a><\/figure>\n\n\n\n<figure class=\"wp-block-image size-large\"><a href=\"https:\/\/www.wagner-kuechenstudio.de\/wp-content\/uploads\/2014\/05\/header-kuechenideen-profistandards-1-kueche-front-holz-1x.jpg\"><img loading=\"lazy\" decoding=\"async\" width=\"1024\" height=\"318\" data-id=\"3947\" src=\"https:\/\/www.wagner-kuechenstudio.de\/wp-content\/uploads\/2014\/05\/header-kuechenideen-profistandards-1-kueche-front-holz-1x-1024x318.jpg\" alt=\"\" class=\"wp-image-3947\" srcset=\"https:\/\/www.wagner-kuechenstudio.de\/wp-content\/uploads\/2014\/05\/header-kuechenideen-profistandards-1-kueche-front-holz-1x-1024x318.jpg 1024w, https:\/\/www.wagner-kuechenstudio.de\/wp-content\/uploads\/2014\/05\/header-kuechenideen-profistandards-1-kueche-front-holz-1x-300x93.jpg 300w, https:\/\/www.wagner-kuechenstudio.de\/wp-content\/uploads\/2014\/05\/header-kuechenideen-profistandards-1-kueche-front-holz-1x.jpg 1440w\" sizes=\"auto, (max-width: 1024px) 100vw, 1024px\" \/><\/a><\/figure>\n\n\n\n<figure class=\"wp-block-image size-large\"><a href=\"https:\/\/www.wagner-kuechenstudio.de\/wp-content\/uploads\/2020\/04\/2019-004_01.jpg\"><img loading=\"lazy\" decoding=\"async\" width=\"1024\" height=\"768\" data-id=\"4179\" src=\"https:\/\/www.wagner-kuechenstudio.de\/wp-content\/uploads\/2020\/04\/2019-004_01-1024x768.jpg\" alt=\"\" class=\"wp-image-4179\" srcset=\"https:\/\/www.wagner-kuechenstudio.de\/wp-content\/uploads\/2020\/04\/2019-004_01-1024x768.jpg 1024w, https:\/\/www.wagner-kuechenstudio.de\/wp-content\/uploads\/2020\/04\/2019-004_01-300x225.jpg 300w, https:\/\/www.wagner-kuechenstudio.de\/wp-content\/uploads\/2020\/04\/2019-004_01-768x576.jpg 768w, https:\/\/www.wagner-kuechenstudio.de\/wp-content\/uploads\/2020\/04\/2019-004_01.jpg 1400w\" sizes=\"auto, (max-width: 1024px) 100vw, 1024px\" \/><\/a><\/figure>\n\n\n\n<figure class=\"wp-block-image size-large\"><a href=\"https:\/\/www.wagner-kuechenstudio.de\/wp-content\/uploads\/2012\/05\/Iseo-schwarz-Vigo-Quarz-champagner-1.jpg\"><img loading=\"lazy\" decoding=\"async\" width=\"1024\" height=\"634\" data-id=\"4218\" src=\"https:\/\/www.wagner-kuechenstudio.de\/wp-content\/uploads\/2012\/05\/Iseo-schwarz-Vigo-Quarz-champagner-1-1024x634.jpg\" alt=\"\" class=\"wp-image-4218\" srcset=\"https:\/\/www.wagner-kuechenstudio.de\/wp-content\/uploads\/2012\/05\/Iseo-schwarz-Vigo-Quarz-champagner-1-1024x634.jpg 1024w, https:\/\/www.wagner-kuechenstudio.de\/wp-content\/uploads\/2012\/05\/Iseo-schwarz-Vigo-Quarz-champagner-1-300x186.jpg 300w, https:\/\/www.wagner-kuechenstudio.de\/wp-content\/uploads\/2012\/05\/Iseo-schwarz-Vigo-Quarz-champagner-1-768x476.jpg 768w, https:\/\/www.wagner-kuechenstudio.de\/wp-content\/uploads\/2012\/05\/Iseo-schwarz-Vigo-Quarz-champagner-1.jpg 1600w\" sizes=\"auto, (max-width: 1024px) 100vw, 1024px\" \/><\/a><\/figure>\n\n\n\n<figure class=\"wp-block-image size-large\"><a href=\"https:\/\/www.wagner-kuechenstudio.de\/wp-content\/uploads\/2022\/03\/2019-003_03.jpg\"><img loading=\"lazy\" decoding=\"async\" width=\"1024\" height=\"768\" data-id=\"4286\" src=\"https:\/\/www.wagner-kuechenstudio.de\/wp-content\/uploads\/2022\/03\/2019-003_03-1024x768.jpg\" alt=\"\" class=\"wp-image-4286\" srcset=\"https:\/\/www.wagner-kuechenstudio.de\/wp-content\/uploads\/2022\/03\/2019-003_03-1024x768.jpg 1024w, https:\/\/www.wagner-kuechenstudio.de\/wp-content\/uploads\/2022\/03\/2019-003_03-300x225.jpg 300w, https:\/\/www.wagner-kuechenstudio.de\/wp-content\/uploads\/2022\/03\/2019-003_03-768x576.jpg 768w, https:\/\/www.wagner-kuechenstudio.de\/wp-content\/uploads\/2022\/03\/2019-003_03.jpg 1400w\" sizes=\"auto, (max-width: 1024px) 100vw, 1024px\" \/><\/a><\/figure>\n<\/figure>\n","protected":false},"excerpt":{"rendered":"<p>Sie sind anspruchsvoll und wollen bei Ihrem \u201eProjekt K\u00fcche\u201c kein Risiko eingehen? Sie haben ganz konkrete Vorstellungen von Ihrer idealen K\u00fcche und Hausger\u00e4te? Sie haben ein Gef\u00fchl f\u00fcr die Atmosph\u00e4re, die entstehen soll? Wir freuen uns darauf Sie zu beraten und laden Sie herzlich ein, in unserem neuen K\u00fcchenstudio auf 180m2 die inspirierende Welt der [&hellip;]<\/p>\n","protected":false},"author":1,"featured_media":3945,"parent":0,"menu_order":0,"comment_status":"closed","ping_status":"closed","template":"","meta":{"footnotes":""},"class_list":["post-4305","page","type-page","status-publish","has-post-thumbnail","hentry"],"_links":{"self":[{"href":"https:\/\/www.wagner-kuechenstudio.de\/index.php?rest_route=\/wp\/v2\/pages\/4305","targetHints":{"allow":["GET"]}}],"collection":[{"href":"https:\/\/www.wagner-kuechenstudio.de\/index.php?rest_route=\/wp\/v2\/pages"}],"about":[{"href":"https:\/\/www.wagner-kuechenstudio.de\/index.php?rest_route=\/wp\/v2\/types\/page"}],"author":[{"embeddable":true,"href":"https:\/\/www.wagner-kuechenstudio.de\/index.php?rest_route=\/wp\/v2\/users\/1"}],"replies":[{"embeddable":true,"href":"https:\/\/www.wagner-kuechenstudio.de\/index.php?rest_route=%2Fwp%2Fv2%2Fcomments&post=4305"}],"version-history":[{"count":46,"href":"https:\/\/www.wagner-kuechenstudio.de\/index.php?rest_route=\/wp\/v2\/pages\/4305\/revisions"}],"predecessor-version":[{"id":4532,"href":"https:\/\/www.wagner-kuechenstudio.de\/index.php?rest_route=\/wp\/v2\/pages\/4305\/revisions\/4532"}],"wp:featuredmedia":[{"embeddable":true,"href":"https:\/\/www.wagner-kuechenstudio.de\/index.php?rest_route=\/wp\/v2\/media\/3945"}],"wp:attachment":[{"href":"https:\/\/www.wagner-kuechenstudio.de\/index.php?rest_route=%2Fwp%2Fv2%2Fmedia&parent=4305"}],"curies":[{"name":"wp","href":"https:\/\/api.w.org\/{rel}","templated":true}]}}

Willkommen bei WAGNER KÜCHEN UND HAUSGERÄTE in Ditzingen

<p class="has-text-align-center"></p>



<p class="has-text-align-left">Sie sind anspruchsvoll und wollen bei Ihrem „Projekt Küche“ kein Risiko eingehen? Sie haben ganz konkrete Vorstellungen von Ihrer idealen Küche und Hausgeräte? Sie haben ein Gefühl für die Atmosphäre, die entstehen soll? Wir freuen uns darauf Sie zu beraten und laden Sie herzlich ein, in unserem <strong>neuen Küchenstudio</strong> auf 180m<sup>2</sup> die inspirierende Welt der <strong>REMPP Küchen </strong>und Hausgeräte der Marken <strong>MIELE, GAGGENAU, BORA, BERBEL</strong> und <strong>SUB ZERO</strong> zu erleben.</p>



<p>Auf dem Weg zu Ihrer Küche würden wir Sie gerne begleiten. Vom Kennenlernen über den gemeinsam erarbeiteten Küchenentwurf bis hin zu Angebot, Terminkoordination und Einbau durch erfahrene Küchenspezialisten – können Sie sich auf einen reibungslosen und unkomplizierten Ablauf freuen.</p>



<p>Mehr über unsere Küchen- und Gerätelieferanten erfahren Sie bei uns.</p>



<p>Wir freuen uns auf Ihren Besuch.</p>



<p></p>



<div class="wp-block-group"><div class="wp-block-group__inner-container is-layout-constrained wp-block-group-is-layout-constrained">
<figure class="wp-block-image size-large"><a href="https://www.wagner-kuechenstudio.de/wp-content/uploads/2021/03/DSC_4875-Kopie.jpeg"><img loading="lazy" decoding="async" width="1024" height="830" src="https://www.wagner-kuechenstudio.de/wp-content/uploads/2021/03/DSC_4875-Kopie-1024x830.jpeg" alt="" class="wp-image-4241" srcset="https://www.wagner-kuechenstudio.de/wp-content/uploads/2021/03/DSC_4875-Kopie-1024x830.jpeg 1024w, https://www.wagner-kuechenstudio.de/wp-content/uploads/2021/03/DSC_4875-Kopie-300x243.jpeg 300w, https://www.wagner-kuechenstudio.de/wp-content/uploads/2021/03/DSC_4875-Kopie-768x622.jpeg 768w" sizes="auto, (max-width: 1024px) 100vw, 1024px" /></a></figure>



<figure class="wp-block-image size-large is-resized"><a href="https://www.wagner-kuechenstudio.de/wp-content/uploads/2024/06/IMG_4097-scaled.jpeg"><img loading="lazy" decoding="async" width="768" height="1024" src="https://www.wagner-kuechenstudio.de/wp-content/uploads/2024/06/IMG_4097-768x1024.jpeg" alt="" class="wp-image-4458" style="aspect-ratio:0.7502238137869293;width:1270px;height:auto" srcset="https://www.wagner-kuechenstudio.de/wp-content/uploads/2024/06/IMG_4097-768x1024.jpeg 768w, https://www.wagner-kuechenstudio.de/wp-content/uploads/2024/06/IMG_4097-225x300.jpeg 225w, https://www.wagner-kuechenstudio.de/wp-content/uploads/2024/06/IMG_4097-1152x1536.jpeg 1152w, https://www.wagner-kuechenstudio.de/wp-content/uploads/2024/06/IMG_4097-1536x2048.jpeg 1536w, https://www.wagner-kuechenstudio.de/wp-content/uploads/2024/06/IMG_4097-scaled.jpeg 1920w" sizes="auto, (max-width: 768px) 100vw, 768px" /></a></figure>



<figure class="wp-block-image size-full is-resized"><a href="https://www.wagner-kuechenstudio.de/wp-content/uploads/2024/06/IMG_4095-scaled.jpeg"><img loading="lazy" decoding="async" width="2560" height="1920" src="https://www.wagner-kuechenstudio.de/wp-content/uploads/2024/06/IMG_4095-scaled.jpeg" alt="" class="wp-image-4455" style="width:1267px;height:auto" srcset="https://www.wagner-kuechenstudio.de/wp-content/uploads/2024/06/IMG_4095-scaled.jpeg 2560w, https://www.wagner-kuechenstudio.de/wp-content/uploads/2024/06/IMG_4095-300x225.jpeg 300w" sizes="auto, (max-width: 2560px) 100vw, 2560px" /></a></figure>
</div></div>



<p></p>



<div class="wp-block-buttons is-layout-flex wp-block-buttons-is-layout-flex">
<div class="wp-block-button has-custom-font-size is-style-fill has-small-font-size"><a class="wp-block-button__link has-black-color has-text-color has-background wp-element-button" href="https://www.wagner-kuechenstudio.de/?page_id=10" style="border-radius:18px;background:linear-gradient(176deg,rgb(238,238,238) 0%,rgb(169,184,195) 100%)">Unsere Leistungen, unsere Services</a></div>
</div>



<figure class="wp-block-gallery has-nested-images columns-default is-cropped wp-block-gallery-1 is-layout-flex wp-block-gallery-is-layout-flex">
<figure class="wp-block-image size-large is-style-default"><a href="https://www.wagner-kuechenstudio.de/wp-content/uploads/2020/04/Tinos-nero-ingo-Phoenix-rost-patina-3.jpg"><img loading="lazy" decoding="async" width="1024" height="628" data-id="4173" src="https://www.wagner-kuechenstudio.de/wp-content/uploads/2020/04/Tinos-nero-ingo-Phoenix-rost-patina-3-1024x628.jpg" alt="" class="wp-image-4173" srcset="https://www.wagner-kuechenstudio.de/wp-content/uploads/2020/04/Tinos-nero-ingo-Phoenix-rost-patina-3-1024x628.jpg 1024w, https://www.wagner-kuechenstudio.de/wp-content/uploads/2020/04/Tinos-nero-ingo-Phoenix-rost-patina-3-300x184.jpg 300w, https://www.wagner-kuechenstudio.de/wp-content/uploads/2020/04/Tinos-nero-ingo-Phoenix-rost-patina-3-768x471.jpg 768w, https://www.wagner-kuechenstudio.de/wp-content/uploads/2020/04/Tinos-nero-ingo-Phoenix-rost-patina-3.jpg 1600w" sizes="auto, (max-width: 1024px) 100vw, 1024px" /></a></figure>



<figure class="wp-block-image size-large"><a href="https://www.wagner-kuechenstudio.de/wp-content/uploads/2020/08/2019-076_02-e1598003382482.jpg"><img loading="lazy" decoding="async" width="1024" height="835" data-id="4198" src="https://www.wagner-kuechenstudio.de/wp-content/uploads/2020/08/2019-076_02-e1598003234618-1024x835.jpg" alt="" class="wp-image-4198"/></a></figure>



<figure class="wp-block-image size-large"><a href="https://www.wagner-kuechenstudio.de/wp-content/uploads/2012/05/Miele-Staubsauger.jpg"><img loading="lazy" decoding="async" width="553" height="265" data-id="3717" src="https://www.wagner-kuechenstudio.de/wp-content/uploads/2012/05/Miele-Staubsauger.jpg" alt="" class="wp-image-3717" srcset="https://www.wagner-kuechenstudio.de/wp-content/uploads/2012/05/Miele-Staubsauger.jpg 553w, https://www.wagner-kuechenstudio.de/wp-content/uploads/2012/05/Miele-Staubsauger-300x143.jpg 300w" sizes="auto, (max-width: 553px) 100vw, 553px" /></a></figure>



<figure class="wp-block-image size-large"><a href="https://www.wagner-kuechenstudio.de/wp-content/uploads/2014/05/header-kuechenideen-profistandards-1-kueche-front-holz-1x.jpg"><img loading="lazy" decoding="async" width="1024" height="318" data-id="3947" src="https://www.wagner-kuechenstudio.de/wp-content/uploads/2014/05/header-kuechenideen-profistandards-1-kueche-front-holz-1x-1024x318.jpg" alt="" class="wp-image-3947" srcset="https://www.wagner-kuechenstudio.de/wp-content/uploads/2014/05/header-kuechenideen-profistandards-1-kueche-front-holz-1x-1024x318.jpg 1024w, https://www.wagner-kuechenstudio.de/wp-content/uploads/2014/05/header-kuechenideen-profistandards-1-kueche-front-holz-1x-300x93.jpg 300w, https://www.wagner-kuechenstudio.de/wp-content/uploads/2014/05/header-kuechenideen-profistandards-1-kueche-front-holz-1x.jpg 1440w" sizes="auto, (max-width: 1024px) 100vw, 1024px" /></a></figure>



<figure class="wp-block-image size-large"><a href="https://www.wagner-kuechenstudio.de/wp-content/uploads/2020/04/2019-004_01.jpg"><img loading="lazy" decoding="async" width="1024" height="768" data-id="4179" src="https://www.wagner-kuechenstudio.de/wp-content/uploads/2020/04/2019-004_01-1024x768.jpg" alt="" class="wp-image-4179" srcset="https://www.wagner-kuechenstudio.de/wp-content/uploads/2020/04/2019-004_01-1024x768.jpg 1024w, https://www.wagner-kuechenstudio.de/wp-content/uploads/2020/04/2019-004_01-300x225.jpg 300w, https://www.wagner-kuechenstudio.de/wp-content/uploads/2020/04/2019-004_01-768x576.jpg 768w, https://www.wagner-kuechenstudio.de/wp-content/uploads/2020/04/2019-004_01.jpg 1400w" sizes="auto, (max-width: 1024px) 100vw, 1024px" /></a></figure>



<figure class="wp-block-image size-large"><a href="https://www.wagner-kuechenstudio.de/wp-content/uploads/2012/05/Iseo-schwarz-Vigo-Quarz-champagner-1.jpg"><img loading="lazy" decoding="async" width="1024" height="634" data-id="4218" src="https://www.wagner-kuechenstudio.de/wp-content/uploads/2012/05/Iseo-schwarz-Vigo-Quarz-champagner-1-1024x634.jpg" alt="" class="wp-image-4218" srcset="https://www.wagner-kuechenstudio.de/wp-content/uploads/2012/05/Iseo-schwarz-Vigo-Quarz-champagner-1-1024x634.jpg 1024w, https://www.wagner-kuechenstudio.de/wp-content/uploads/2012/05/Iseo-schwarz-Vigo-Quarz-champagner-1-300x186.jpg 300w, https://www.wagner-kuechenstudio.de/wp-content/uploads/2012/05/Iseo-schwarz-Vigo-Quarz-champagner-1-768x476.jpg 768w, https://www.wagner-kuechenstudio.de/wp-content/uploads/2012/05/Iseo-schwarz-Vigo-Quarz-champagner-1.jpg 1600w" sizes="auto, (max-width: 1024px) 100vw, 1024px" /></a></figure>



<figure class="wp-block-image size-large"><a href="https://www.wagner-kuechenstudio.de/wp-content/uploads/2022/03/2019-003_03.jpg"><img loading="lazy" decoding="async" width="1024" height="768" data-id="4286" src="https://www.wagner-kuechenstudio.de/wp-content/uploads/2022/03/2019-003_03-1024x768.jpg" alt="" class="wp-image-4286" srcset="https://www.wagner-kuechenstudio.de/wp-content/uploads/2022/03/2019-003_03-1024x768.jpg 1024w, https://www.wagner-kuechenstudio.de/wp-content/uploads/2022/03/2019-003_03-300x225.jpg 300w, https://www.wagner-kuechenstudio.de/wp-content/uploads/2022/03/2019-003_03-768x576.jpg 768w, https://www.wagner-kuechenstudio.de/wp-content/uploads/2022/03/2019-003_03.jpg 1400w" sizes="auto, (max-width: 1024px) 100vw, 1024px" /></a></figure>
</figure>

<p>Sie sind anspruchsvoll und wollen bei Ihrem „Projekt Küche“ kein Risiko eingehen? Sie haben ganz konkrete Vorstellungen von Ihrer idealen Küche und Hausgeräte? Sie haben ein Gefühl für die Atmosphäre, die entstehen soll? Wir freuen uns darauf Sie zu beraten und laden Sie herzlich ein, in unserem neuen Küchenstudio auf 180m2 die inspirierende Welt der [&hellip;]</p>
