{"id":6,"date":"2011-06-06T18:00:18","date_gmt":"2011-06-06T18:00:18","guid":{"rendered":"http:\/\/warendorf.laborumgebung.de\/?page_id=6"},"modified":"2024-09-05T09:16:44","modified_gmt":"2024-09-05T08:16:44","slug":"kuechen","status":"publish","type":"page","link":"https:\/\/www.wagner-kuechenstudio.de\/?page_id=6","title":{"rendered":"REMPP K\u00fcchen"},"content":{"rendered":"\n<p>Rempp K\u00fcchen ist ein deutsches Unternehmen, das f\u00fcr seine hochwertigen und ma\u00dfgeschneiderten K\u00fcchenl\u00f6sungen bekannt ist. Gegr\u00fcndet im Jahr 1930, hat sich Rempp K\u00fcchen durch jahrzehntelange Erfahrung und stetige Innovation einen Namen gemacht. Das Unternehmen hat seinen Sitz in Wildberg und legt gro\u00dfen Wert auf handwerkliche Tradition kombiniert mit modernster Technik.<\/p>\n\n\n\n<p>Die K\u00fcchen von Rempp zeichnen sich durch ihre hohe Qualit\u00e4t, Funktionalit\u00e4t und \u00e4sthetische Gestaltung aus. Jedes K\u00fcchenprojekt wird individuell geplant und an die spezifischen Bed\u00fcrfnisse und W\u00fcnsche der Kunden angepasst. Dabei setzt Rempp auf eine Vielzahl von Materialien, Farben und Oberfl\u00e4chen, die nahezu unbegrenzte Gestaltungsm\u00f6glichkeiten bieten.<\/p>\n\n\n\n<p>Ein weiteres Markenzeichen von Rempp K\u00fcchen ist die Nachhaltigkeit. Das Unternehmen achtet darauf, umweltfreundliche Materialien zu verwenden und energieeffiziente Produktionsprozesse zu implementieren. Dies spiegelt sich auch in der Langlebigkeit und Robustheit der K\u00fcchen wider.<\/p>\n\n\n\n<p>Die Kombination aus traditioneller Handwerkskunst und modernster Technologie erm\u00f6glicht es Rempp K\u00fcchen, stets am Puls der Zeit zu bleiben und innovative L\u00f6sungen zu entwickeln. Dazu geh\u00f6ren unter anderem intelligente Stauraumkonzepte, ergonomische Arbeitsfl\u00e4chen und zeitgem\u00e4\u00dfe K\u00fcchenger\u00e4te.<\/p>\n\n\n\n<p>Rempp K\u00fcchen hat sich \u00fcber die Jahre einen exzellenten Ruf erarbeitet und ist sowohl in Deutschland als auch international gesch\u00e4tzt. Ob minimalistisch, klassisch oder avantgardistisch \u2013 Rempp K\u00fcchen bietet f\u00fcr jeden Geschmack und jede Wohnsituation die passende L\u00f6sung. So entstehen einzigartige K\u00fcchen, die h\u00f6chsten Anspr\u00fcchen gerecht werden.<\/p>\n\n\n\n<p>Mehr \u00fcber REMPP K\u00fcchen erfahren Sie bei uns. Wir freuen uns auf Ihren Besuch.<\/p>\n\n\n\n<p><\/p>\n\n\n\n<figure class=\"wp-block-image size-large\"><a href=\"https:\/\/www.wagner-kuechenstudio.de\/wp-content\/uploads\/2020\/04\/Cliff-kito-steel-3.jpg\"><img loading=\"lazy\" decoding=\"async\" width=\"1024\" height=\"709\" src=\"https:\/\/www.wagner-kuechenstudio.de\/wp-content\/uploads\/2020\/04\/Cliff-kito-steel-3-1024x709.jpg\" alt=\"\" class=\"wp-image-4172\" srcset=\"https:\/\/www.wagner-kuechenstudio.de\/wp-content\/uploads\/2020\/04\/Cliff-kito-steel-3-1024x709.jpg 1024w, https:\/\/www.wagner-kuechenstudio.de\/wp-content\/uploads\/2020\/04\/Cliff-kito-steel-3-300x208.jpg 300w, https:\/\/www.wagner-kuechenstudio.de\/wp-content\/uploads\/2020\/04\/Cliff-kito-steel-3-768x532.jpg 768w, https:\/\/www.wagner-kuechenstudio.de\/wp-content\/uploads\/2020\/04\/Cliff-kito-steel-3.jpg 1080w\" sizes=\"auto, (max-width: 1024px) 100vw, 1024px\" \/><\/a><\/figure>\n\n\n\n<p><\/p>\n\n\n\n<h3 class=\"wp-block-heading\">Design<\/h3>\n\n\n\n<p><\/p>\n\n\n\n<h3 class=\"wp-block-heading\">Funktion<\/h3>\n\n\n\n<p>Dem Anspruch folgend, den Lebensraum K\u00fcche im h\u00f6chsten Sinne komfortabel und sicher zu gestalten ist alles auf Anhieb sichtbar, was praktisch und n\u00fctzlich ist. Ausz\u00fcge und Schubladen schlie\u00dfen selbstt\u00e4tig und sanft, Klappen sind leicht zu arretieren.<\/p>\n\n\n\n<figure class=\"wp-block-image size-large\"><a href=\"https:\/\/www.wagner-kuechenstudio.de\/wp-content\/uploads\/2014\/05\/header-warendorf-kuechen-3-kuechenrolle-messerblock-1x.jpg\"><img loading=\"lazy\" decoding=\"async\" width=\"1024\" height=\"318\" src=\"https:\/\/www.wagner-kuechenstudio.de\/wp-content\/uploads\/2014\/05\/header-warendorf-kuechen-3-kuechenrolle-messerblock-1x-1024x318.jpg\" alt=\"\" class=\"wp-image-3948\" srcset=\"https:\/\/www.wagner-kuechenstudio.de\/wp-content\/uploads\/2014\/05\/header-warendorf-kuechen-3-kuechenrolle-messerblock-1x-1024x318.jpg 1024w, https:\/\/www.wagner-kuechenstudio.de\/wp-content\/uploads\/2014\/05\/header-warendorf-kuechen-3-kuechenrolle-messerblock-1x-300x93.jpg 300w, https:\/\/www.wagner-kuechenstudio.de\/wp-content\/uploads\/2014\/05\/header-warendorf-kuechen-3-kuechenrolle-messerblock-1x.jpg 1440w\" sizes=\"auto, (max-width: 1024px) 100vw, 1024px\" \/><\/a><\/figure>\n\n\n\n<h3 class=\"wp-block-heading\">Organisation &amp; Ordnung<\/h3>\n\n\n\n<p>Perfekte Ordnung, optimale Arbeitsabl\u00e4ufe, ideale Aufbewahrung. Vom Besteck bis zum Geschirr, l\u00e4sst sich alles \u00fcbersichtlich, griffbereit, optimal organisieren.<\/p>\n\n\n\n<figure class=\"wp-block-image size-large\"><a href=\"https:\/\/www.wagner-kuechenstudio.de\/wp-content\/uploads\/2014\/05\/header-warendorf-kuechen-2-schublade-besteck-1x.jpg\"><img loading=\"lazy\" decoding=\"async\" width=\"1024\" height=\"318\" src=\"https:\/\/www.wagner-kuechenstudio.de\/wp-content\/uploads\/2014\/05\/header-warendorf-kuechen-2-schublade-besteck-1x-1024x318.jpg\" alt=\"\" class=\"wp-image-3946\" srcset=\"https:\/\/www.wagner-kuechenstudio.de\/wp-content\/uploads\/2014\/05\/header-warendorf-kuechen-2-schublade-besteck-1x-1024x318.jpg 1024w, https:\/\/www.wagner-kuechenstudio.de\/wp-content\/uploads\/2014\/05\/header-warendorf-kuechen-2-schublade-besteck-1x-300x93.jpg 300w, https:\/\/www.wagner-kuechenstudio.de\/wp-content\/uploads\/2014\/05\/header-warendorf-kuechen-2-schublade-besteck-1x.jpg 1440w\" sizes=\"auto, (max-width: 1024px) 100vw, 1024px\" \/><\/a><\/figure>\n\n\n\n<h3 class=\"wp-block-heading\">&nbsp;Ausgesuchte Materialien<\/h3>\n\n\n\n<p>Ihr pers\u00f6nlicher Wohnstil entscheidet \u00fcber Materialwahl und Farbe. Rempp bietet Materialien wie Holz, Glas, Lack und Kunststoff f\u00fcr Ihre pers\u00f6nliche Gestaltung an. Holz, Furniere werden von \u201eruhig\u201c bis \u201eausgefallen\u201c angeboten.<\/p>\n\n\n\n<figure class=\"wp-block-image size-large is-resized\"><a href=\"https:\/\/www.wagner-kuechenstudio.de\/wp-content\/uploads\/2024\/06\/IMG_4095-1-scaled.jpeg\"><img loading=\"lazy\" decoding=\"async\" width=\"2560\" height=\"1440\" src=\"https:\/\/www.wagner-kuechenstudio.de\/wp-content\/uploads\/2024\/08\/IMG_4095-1-edited-scaled.jpeg\" alt=\"\" class=\"wp-image-4481\" style=\"aspect-ratio:1.3564516129032258;width:842px;height:auto\" srcset=\"https:\/\/www.wagner-kuechenstudio.de\/wp-content\/uploads\/2024\/08\/IMG_4095-1-edited-scaled.jpeg 2560w, https:\/\/www.wagner-kuechenstudio.de\/wp-content\/uploads\/2024\/08\/IMG_4095-1-edited-300x169.jpeg 300w, https:\/\/www.wagner-kuechenstudio.de\/wp-content\/uploads\/2024\/08\/IMG_4095-1-edited-1024x576.jpeg 1024w, https:\/\/www.wagner-kuechenstudio.de\/wp-content\/uploads\/2024\/08\/IMG_4095-1-edited-768x432.jpeg 768w, https:\/\/www.wagner-kuechenstudio.de\/wp-content\/uploads\/2024\/08\/IMG_4095-1-edited-1536x864.jpeg 1536w, https:\/\/www.wagner-kuechenstudio.de\/wp-content\/uploads\/2024\/08\/IMG_4095-1-edited-2048x1152.jpeg 2048w\" sizes=\"auto, (max-width: 2560px) 100vw, 2560px\" \/><\/a><\/figure>\n","protected":false},"excerpt":{"rendered":"<p>Rempp K\u00fcchen ist ein deutsches Unternehmen, das f\u00fcr seine hochwertigen und ma\u00dfgeschneiderten K\u00fcchenl\u00f6sungen bekannt ist. Gegr\u00fcndet im Jahr 1930, hat sich Rempp K\u00fcchen durch jahrzehntelange Erfahrung und stetige Innovation einen Namen gemacht. Das Unternehmen hat seinen Sitz in Wildberg und legt gro\u00dfen Wert auf handwerkliche Tradition kombiniert mit modernster Technik. Die K\u00fcchen von Rempp zeichnen [&hellip;]<\/p>\n","protected":false},"author":1,"featured_media":2940,"parent":0,"menu_order":0,"comment_status":"open","ping_status":"open","template":"subpages2.php","meta":{"footnotes":""},"class_list":["post-6","page","type-page","status-publish","has-post-thumbnail","hentry"],"_links":{"self":[{"href":"https:\/\/www.wagner-kuechenstudio.de\/index.php?rest_route=\/wp\/v2\/pages\/6","targetHints":{"allow":["GET"]}}],"collection":[{"href":"https:\/\/www.wagner-kuechenstudio.de\/index.php?rest_route=\/wp\/v2\/pages"}],"about":[{"href":"https:\/\/www.wagner-kuechenstudio.de\/index.php?rest_route=\/wp\/v2\/types\/page"}],"author":[{"embeddable":true,"href":"https:\/\/www.wagner-kuechenstudio.de\/index.php?rest_route=\/wp\/v2\/users\/1"}],"replies":[{"embeddable":true,"href":"https:\/\/www.wagner-kuechenstudio.de\/index.php?rest_route=%2Fwp%2Fv2%2Fcomments&post=6"}],"version-history":[{"count":27,"href":"https:\/\/www.wagner-kuechenstudio.de\/index.php?rest_route=\/wp\/v2\/pages\/6\/revisions"}],"predecessor-version":[{"id":4493,"href":"https:\/\/www.wagner-kuechenstudio.de\/index.php?rest_route=\/wp\/v2\/pages\/6\/revisions\/4493"}],"wp:featuredmedia":[{"embeddable":true,"href":"https:\/\/www.wagner-kuechenstudio.de\/index.php?rest_route=\/wp\/v2\/media\/2940"}],"wp:attachment":[{"href":"https:\/\/www.wagner-kuechenstudio.de\/index.php?rest_route=%2Fwp%2Fv2%2Fmedia&parent=6"}],"curies":[{"name":"wp","href":"https:\/\/api.w.org\/{rel}","templated":true}]}}